*z + 32606. What is u(6)?
20
Let z(o) = -23*o**2 - 861*o - 3346. What is z(-33)?
20
Let a(y) = 94*y**2 + 213*y - 817. Give a(-4).
-165
Let d(y) = -349*y - 8673. Calculate d(-27).
750
Let r(h) = -5*h**2 + 76*h - 2. Give r(16).
-66
Let l(j) = -6*j**3 + 2485*j**2 - 5349*j - 2912. Give l(412).
-28
Let z(o) = -o**3 - 76*o**2 - 812*o + 459. Calculate z(-63).
18
Let f(y) = -y**3 + 68*y**2 - 962*y + 61. What is f(48)?
-35
Let u(h) = h**3 + 627*h**2 - 1589*h - 208209. Determine u(-629).
-10
Let t(r) = r**3 - 28*r**2 - 17*r + 105. Give t(29).
453
Let q(p) = -3*p**3 - 5*p**2 + 3934*p + 427. Determine q(-37).
-17
Let d(g) = -733*g - 118460. Give d(-162).
286
Let u(d) = -55*d**2 - 992*d - 115. Calculate u(-18).
-79
Let f(p) = -p**3 - 134*p**2 - 1395*p + 1. Give f(-12).
-827
Let i(x) = 8535*x - 2159369. Determine i(253).
-14
Let t(f) = 4*f**2 + 101*f + 2052. Determine t(-21).
1695
Let s(r) = r**3 + 42*r**2 - 103*r + 298. Determine s(-44).
958
Let y(m) = m**2 - 2251*m - 487561. What is y(-199)?
-11
Let f(n) = -2*n**3 - 6*n**2 - 16*n - 48. What is f(-4)?
48
Let m(b) = -1180773*b + 5903873. What is m(5)?
8
Let u(o) = -4*o**2 - 1371*o + 408494. Determine u(-534).
-16
Let p(f) = -3*f**2 - 154*f - 1321. Determine p(-41).
-50
Let v(n) = -7*n**3 - 258*n**2 - 250*n + 4. Give v(-1).
3
Let c(u) = -11*u**2 + u - 9. Give c(0).
-9
Let u(y) = -y**3 + 106*y**2 - 406*y - 594. Calculate u(102).
-390
Let r(y) = -1188*y**2 - 55*y - 29. What is r(1)?
-1272
Let t(a) = a**3 + 113*a**2 - 721*a - 29598. Give t(-117).
3
Let y(j) = 2*j**3 - 22*j**2 + 38789*j - 465753. Determine y(12).
3
Let r(n) = -n**3 + 8*n**2 + 2271*n - 18189. What is r(8)?
-21
Let v(s) = -5*s**3 - 138*s**2 + 1290*s - 19. Give v(9).
-3232
Let w(n) = 2*n**3 + 112*n**2 + 146*n + 8265. Give w(-56).
89
Let u(a) = -a**2 + 9799*a + 9813. Give u(-1).
13
Let f(n) = -12*n**2 - 28*n + 80. Determine f(-13).
-1584
Let k(y) = -2*y**3 - 233*y**2 + 378*y + 2817. Give k(-118).
-15
Let r(u) = -418*u**2 - 29969*u + 29966. Give r(1).
-421
Let n(x) = 870*x + 2693. What is n(-3)?
83
Let x(k) = -7*k**3 - 193*k**2 - 107*k + 90. Determine x(-27).
63
Let c(i) = 75*i**2 - 269*i + 528. What is c(2)?
290
Let n(u) = -672*u - 763. Give n(-3).
1253
Let m(g) = 333*g - 1736. Give m(0).
-1736
Let v(m) = -11928*m + 417515. Determine v(35).
35
Let y(s) = 709*s + 694. What is y(0)?
694
Let w(s) = -9*s**3 + 180*s**2 - 125*s + 35. What is w(19)?
909
Let v(j) = -j**3 - 156*j**2 - 5688*j + 22. What is v(-58)?
254
Let u(d) = 1994*d + 428716. Determine u(-215).
6
Let x(w) = 239*w + 11618. What is x(-50)?
-332
Let x(p) = -7*p**3 - 5*p**2 - 193*p - 497. Give x(-3).
226
Let p(f) = 2*f**3 + 62*f**2 - 2191*f - 355. What is p(-52)?
9
Let j(g) = g**2 - 879*g - 4420. What is j(-5)?
0
Let q(x) = -x**3 - 273*x**2 + 1013*x + 51105. What is q(-276)?
45
Let f(h) = -3*h**3 + 269*h**2 + 84*h + 97. What is f(90)?
-443
Let q(f) = -f**3 + 22*f**2 + 542*f + 326. What is q(37)?
-155
Let v(r) = -1991*r**2 - 83745*r - 5160. Determine v(-42).
6
Let n(s) = -96*s**2 - 6932*s - 1444. What is n(-72)?
-4
Let g(r) = r**3 + 13*r**2 + 14403*r + 172689. Determine g(-12).
-3
Let m(s) = 716*s + 208552. Determine m(-291).
196
Let w(o) = -5*o**2 - 13177*o + 105720. What is w(8)?
-16
Let b(m) = m**3 + 29*m**2 + 167*m + 173. Give b(-6).
-1
Let j(q) = 3*q**2 - 2645*q + 38919. Calculate j(15).
-81
Let z(v) = 221*v**2 - 5982*v + 53. What is z(27)?
-352
Let d(u) = -14485841*u - 4. Calculate d(0).
-4
Let x(d) = -9*d**3 - 2*d**2 - 9. What is x(6)?
-2025
Let n(t) = -t**3 - 175*t**2 + 800*t + 14999. Determine n(-179).
-37
Let x(l) = l**2 + 74*l + 911. What is x(-59)?
26
Let t(o) = -o**3 - 30*o**2 - 45*o + 1445. Calculate t(-26).
-89
Let g(j) = -j**3 + 80*j**2 - 1436*j - 1114. Calculate g(52).
-74
Let m(k) = k**3 + 235*k**2 - 51*k - 11937. What is m(-235)?
48
Let j(v) = -5916*v - 53253. Calculate j(-9).
-9
Let d(s) = -70744*s + 9408958. Give d(133).
6
Let t(v) = -721*v + 26662. Determine t(38).
-736
Let o(d) = 5134*d - 5082. What is o(1)?
52
Let o(u) = 1339*u - 144657. Determine o(108).
-45
Let s(i) = 80*i**3 - 718*i**2 + 9*i - 278. What is s(9)?
-35
Let y(n) = -148*n**3 + 12582*n**2 - 164*n - 349. What is y(85)?
161
Let f(u) = -159*u**2 + 20010*u - 16865. Determine f(125).
10
Let v(f) = 1964*f + 1057. Calculate v(-1).
-907
Let l(d) = -2*d**2 + 4271*d - 852961. Calculate l(223).
14
Let m(h) = -2*h**3 + 92*h**2 - 152*h + 336. Calculate m(44).
1392
Let h(a) = -a**2 + 3236*a - 418626. Give h(135).
9
Let i(r) = -1339*r - 337377. Give i(-252).
51
Let n(p) = -3026*p + 1273936. Calculate n(421).
-10
Let z(g) = 10078*g - 2096242. Calculate z(208).
-18
Let x(y) = 12*y**3 + 2315*y**2 - 196*y + 288. Determine x(-193).
867
Let r(p) = 967*p - 6986. What is r(7)?
-217
Let k(m) = -m**3 - 2*m**2 - 88*m - 141. Give k(-6).
531
Let n(o) = 3*o**2 + 255*o - 21817. Determine n(-138).
125
Let l(q) = 42*q**2 - 18103*q + 54296. Determine l(3).
365
Let o(b) = -467*b - 134487. Calculate o(-288).
9
Let z(m) = -2050*m - 8232. What is z(-4)?
-32
Let s(q) = 14*q**3 - 184*q**2 - 14*q - 2. What is s(12)?
-2474
Let h(o) = 11*o**2 - 3136*o + 24390. Determine h(8).
6
Let t(y) = y**2 - 14642*y + 10589673. Calculate t(763).
-4
Let o(k) = -2*k**3 + 53*k**2 + 354*k + 7. Calculate o(-6).
223
Let i(j) = 4*j**3 - 22*j**2 + 1621*j - 6283. What is i(4)?
105
Let w(o) = 35690*o - 5853172. Calculate w(164).
-12
Let u(h) = -h**3 - 208*h**2 - 399*h + 2286. Calculate u(-206).
-392
Let r(w) = 458*w**2 + 617*w + 615. Calculate r(-1).
456
Let a(m) = -8*m**2 - 7515*m + 75944. Determine a(10).
-6
Let j(y) = -1076*y - 4506. Give j(-4).
-202
Let g(h) = -5418*h + 151801. What is g(28)?
97
Let w(t) = 176*t**2 + 2628*t - 85. Determine w(-15).
95
Let v(o) = -30*o**2 + 419*o - 189. Determine v(14).
-203
Let o(r) = -204*r + 25094. Give o(123).
2
Let u(h) = -9*h**2 - 1086*h - 8727. What is u(-112)?
9
Let j(q) = -746423*q - 4478538. Determine j(-6).
0
Let r(a) = 5761*a + 236171. What is r(-41)?
-30
Let c(n) = -2*n**2 + 199104*n + 1194677. What is c(-6)?
-19
Let p(f) = -f**3 + 124*f**2 - 652*f + 20636. Calculate p(120).
-4
Let l(z) = z**3 + 108*z**2 + 63*z - 4781. Determine l(-107).
-73
Let r(k) = -429039*k - 6006540. What is r(-14)?
6
Let z(s) = -173*s + 19819. Calculate z(111).
616
Let j(v) = v**2 - 1999*v + 116420. Calculate j(60).
80
Let h(s) = 182159*s + 19308845. Give h(-106).
-9
Let p(n) = 933*n**2 - 50389*n + 392. Give p(54).
14
Let l(g) = -g**2 + 734*g - 15683. Determine l(22).
-19
Let r(k) = 274*k**2 - 24315*k - 6452. Determine r(89).
-133
Let w(c) = 27*c**3 - 1432*c**2 + 41*c + 204. Give w(53).
-432
Let y(g) = 17345*g - 9921343. Give y(572).
-3
Let n(r) = -r**2 + 3130*r - 458301. What is n(154)?
3
Let n(b) = 498*b - 25206. Determine n(51).
192
Let x(d) = -33*d + 381. Calculate x(-12).
777
Let g(l) = -244*l**2 + 23671*l - 303. Determine g(97).
-12
Let y(h) = h**2 + 545*h - 312993. What is y(350)?
257
Let q(l) = -33779*l + 9. Determine q(0).
9
Let l(o) = 77*o**2 + 288*o + 473. Calculate l(-2).
205
Let q(y) = -23*y**2 - 26185*y - 194501. What is q(-1131)?
31
Let q(r) = -2*r**3 + 197*r**2 + 264*r - 71435. Calculate q(96).
-11
Let a(x) = 2*x**3 + 2*x**2 + 8*x + 13. Determine a(-2).
-11
Let a(s) = 2*s**2 - 413*s - 30837. Determine a(265).
168
Let z(p) = -71*p - 12912. Calculate z(-166).
-1126
Let k(j) = 10*j**2 - 433*j + 3938. What is k(31)?
125
Let b(d) = 19*d**3 + 104*d**2 + 133*d + 118. Determine b(-4).
34
Let h(b) = -707*b + 8121. Give h(11).
344
Let u(h) = 235*h - 7964. What is u(32)?
-444
Let u(j) = -13287*j - 6696634. Calculate u(-504).
14
Let c(s) = -1930*s + 30987. Determine c(16).
107
Let w(h) = -h**2 - 816250*h - 6529942. Give w(-8).
-6
Let q(n) = 3*n**3 - 114*n**2 - 156*n + 1546. What is q(39)?
25
Let d(k) = 510*k + 4588. Give d(-9).
-2
Let v(h) = 9*h**3 - 41*h**2 + 36*h - 271. Calculate v(7).
1059
Let i(k) = 12849*k - 1259264. Calculate i(98).
-62
Let p(f) = -8*f**2 - 15186*f + 75976. What is p(5)?
-154
Let t(m) = -11*m**3 - 17*m**2 - 25*m. Calculate t(-6).
1914
Let d(b) = -454107*b - 6811596. What is d(-15)?
9
Let j(z) = -z**3 - 565*z**2 + 10169*z + 160056. Give j(-582).
6
Let q(u) = -u**3 - 445*u**2 + 4522*u + 219. Determine q(10).
-61
Let n(z) = 8500*z**2 - 280503*z + 66. Calculate n(33).
-33
Let d(h) = -2*h**3 + 81*h**2 + 278*h - 12735. Dete